7
Let g be ((-22)/12 + (-1)/(-3))*4410/(-1323). Let v(a) = -3*a**2 + 12*a - 1. What is v(g)?
-16
Let x(l) = l - 23. Let s(k) = 5. Let w(b) = 11*s(b) + 2*x(b). Let c(h) = h - 2. Let d be c(2). What is w(d)?
9
Suppose 3*g - 4*z + 16 = 0, -17*g + 13*g = -5*z + 21. Let m(h) = h**3 + 3*h**2 + 9*h + 49. Calculate m(g).
-3
Let r(a) = -32*a**3 - 5*a**2 + 6*a - 2. Let h be r(2). Let j = 271 + h. Let u(k) = 2*k - 5. Give u(j).
5
Let k be (-38)/114 + 64/(-6). Let i(s) = -s**2 - 9*s + 8. What is i(k)?
-14
Suppose 0*r + 10 = 2*r. Suppose 0 = -z + o + 3*o + 6, -r*z = o - 9. Let u be ((-3 - -2)/z)/((-1)/(-6)). Let s(q) = 2*q**3 + 5*q**2 + 2*q + 1. Give s(u).
-14
Let u(b) be the first derivative of -b**5/20 + b**4/4 - b**2 + 79*b + 79. Let w(n) be the first derivative of u(n). Determine w(2).
2
Let s = -1 + 0. Let i(b) = -4*b**3 + 4*b**2 - 4*b + 3. Let o(r) = -r**3 - r. Suppose -23*c - 60 + 129 = 0. Let z(g) = c*o(g) + s*i(g). Give z(4).
1
Let r(d) be the first derivative of 7 - d - 7/2*d**2 - 4/3*d**3 + 1/4*d**4. Suppose 7*b + 10 = 9*b. Determine r(b).
-11
Let s = 485 + -323. Let x be ((-10)/6)/((-45)/s). Let p(l) = -l**2 + 293 - 150 - 145 + 8*l - 3*l. Determine p(x).
-8
Let w(c) = c**2 - 7*c + 7. Let a(l) be the third derivative of -13*l**6/60 + l**4/24 - l**3/3 - 38*l**2. Let n be a(1). Let b = n - -34. Determine w(b).
7
Let x = -2499 + 2511. Let s(o) = -5*o + 65. Calculate s(x).
5
Let h(v) = 0*v - 30*v - 1 - 1 - 1 + 31*v. Calculate h(1).
-2
Let i(j) = 2*j**3 - j**3 - 3*j**2 + 3*j + 0*j**3 - j**2 + 4. Suppose -4*n = 9*f - 11*f - 4, -n = -5*f + 17. Calculate i(n).
4
Let t(s) = -s**3 - 6*s**2 - 4*s - 2. Let g(j) = -2*j**2 + 189*j + 37. Let m(d) = -d**2 + 189*d + 35. Let b(i) = -4*g(i) + 3*m(i). Let z be b(38). Give t(z).
-7
Suppose 5*a - 2 = 23. Suppose -c + 40 = -a*c. Let x(m) be the first derivative of -m**4/4 - 3*m**3 + 5*m**2 - 3*m - 1334. Calculate x(c).
-3
Let r(z) = z**3 + 15*z**2 - 10*z + 13. Suppose 2*m + 64 = -4*l, -269*m - 40 = -267*m + l. Give r(m).
-83
Let l(v) = -4*v**2 + 21*v - 3. Let n be l(5). Let p(f) = -f + 41. Let y(c) = -14. Let u(z) = n*p(z) + 7*y(z). Give u(-10).
4
Suppose -4*n - 5*n - 84 = -2*n. Let w(d) = d**2 + 7*d - 52. Give w(n).
8
Let u(h) = -4*h - 50. Let y(n) = 3*n + 33. Let i(r) = 5*u(r) + 7*y(r). Let p = -41 - -107. Suppose z + p = x + 4*x, 5*z = -5. Calculate i(x).
-6
Let z(h) be the first derivative of h**3/3 + h**2/2 - 74*h - 924. Determine z(0).
-74
Let q(h) = h**3 + 12*h**2 + 11*h - 5. Let z be q(-11). Let m(i) be the third derivative of -i**5/60 - i**4/12 + 2*i**3/3 + 116*i**2. Give m(z).
-11
Let o(t) = t**3 + 2*t**2 - 2*t + 24. Let u(f) = 12 + f**3 + 18*f**2 + 14 - f - 2*f**2 - 15*f**2. Let y(p) = 7*o(p) - 6*u(p). What is y(-9)?
3
Let s be ((-3)/((-18)/76))/((220/15)/22). Let z(m) = m**3 - 17*m**2 - 38*m - 5. Calculate z(s).
-5
Let r(h) = -4*h + 9. Let t = 3389 - 3386. What is r(t)?
-3
Let n(s) = 6*s**3 + 5*s**2 + 20*s + 8. Let t(o) = -o**3 - 4*o - 1. Let f(r) = n(r) + 5*t(r). Let v be (1/((-25)/(-40)))/((-8)/20). Give f(v).
19
Let n(i) = -i**2 + 5*i - 3. Let s = 16 + -4. Let z be (-1)/3 + (186/18 - 4). Suppose s*k = 14*k - z. Calculate n(k).
3
Let x(q) be the third derivative of -q**5/60 + q**4/8 - q**3/3 + 2*q**2. Let l be x(2). Let z(s) = -32 - s**2 + s**3 + 16 + 10. What is z(l)?
-6
Let w(k) = -k**2 - 3*k + 10. Suppose -403 = -2*l - 401. Suppose l = -3*f + 4, 2*f = -5*g - 33. Determine w(g).
-18
Suppose -4 = -2*m - 3*q, -4*m + q - 5 = -13. Let u(l) = -7*l**3 - 6 + m*l**3 - 7 + 3*l**2 + 4*l**2 - 3*l + 4*l**3. What is u(6)?
5
Let d(p) = 3*p - 3. Suppose 72 = 5*f + 7*f. Let u be ((-1)/f + (-19)/57)*-6. Determine d(u).
6
Let i(t) = -t**3 - 8*t**2 + t + 8. Let n(f) = f**3 + 11*f**2 - 49*f - 452. Let b be n(-12). Calculate i(b).
0
Let c(k) be the third derivative of -k**6/30 - k**5/60 - k**4/24 + k**3/6 - k**2 - 349*k. Determine c(1).
-5
Suppose -2*w + 56 = -4*b, 4*b - 98 + 14 = -3*w. Let o = -31 + w. Let v(d) be the first derivative of -d**4/4 - d**3 + d**2/2 - 3*d - 9. Calculate v(o).
-6
Let d(y) = -y**2 + 21*y - 61. Let x be d(4). Let b(z) = -254*z - x + 126*z - 3 + 126*z. Calculate b(-7).
4
Let q(u) be the first derivative of -u**2 - 27 + 13*u - 1/20*u**5 + 1/6*u**4 + 1/6*u**3. Let r(g) be the first derivative of q(g). Determine r(2).
0
Suppose -5*k + m + 30 = 0, 6 = -2*k + 2*m + 18. Let o(z) = 15*z**3 - 25*z**3 - k*z**2 + 0 + 11*z**3 - 2. Calculate o(6).
-2
Let f(x) = x - 2. Let i be f(5). Let a(t) = -3*t**3 - t**3 - 2*t**2 - 3 + 0*t**2 + 5*t**i. Let r(u) = u**2 + 12*u - 42. Let w be r(-15). What is a(w)?
6
Let z(c) = -8*c**3 - c. Let l = 229 - 225. Suppose 8*t - 12 = -l*t. Calculate z(t).
-9
Let h(f) = -f**3 - 3*f**2 - 3*f - 2. Suppose 131*q = 130*q - 3. Give h(q).
7
Let c(r) = -r**3 - 4*r**2 + 19*r + 2. Let l be (-3 - -9)*(0 - (-2)/12) + -7. Give c(l).
-40
Suppose -4*y - 3*p = 20, 5*p = 17*y - 20*y - 37. Let o = 2 + 0. Let m(x) = -o*x**2 + 4*x**2 - 2*x**3 + 1 - 4*x**2. Calculate m(y).
-3
Let z(s) = -3*s - 7. Let y be -1 + 7/(14/(-4)). Let i be z(y). Suppose -2*c + 14 = i*l - 7*c, 0 = -4*c - 8. Let f(k) = k**2 + 2*k - 3. What is f(l)?
5
Let i be ((-18)/12)/((-3)/(-4) - 0). Let s(o) = -5*o + 13. Let z(j) = 6*j - 13. Let p(u) = i*z(u) - 3*s(u). Give p(9).
14
Let m(n) = -4*n - 3. Let g = -9 + 27. Let h = 15 - g. Let b(s) = -3*s - 2. Let r(i) = h*b(i) + 2*m(i). Determine r(-2).
-2
Let s(o) = -o**2 + 14*o + 23. Let h = 1355 - 902. Let l = h + -437. Give s(l).
-9
Let t(k) be the first derivative of -7*k**4/4 - 20*k**3/3 + 15*k**2/2 + 5*k - 158. Let w(n) = 2*n**3 + n**2 - 1. Let z(q) = -t(q) - 4*w(q). Calculate z(15).
-1
Suppose 48 = 10*b + 2*b. Let j = 6 - b. Let w be ((-2)/3)/(j*(-7)/105). Let f(u) = -u**2 + 4*u + 5. What is f(w)?
0
Suppose 0 = -5*o - 8*f + 7*f - 36, 3*o - 18 = -5*f. Let c(d) = 22*d + 144. Give c(o).
-54
Let j be ((-46)/(-207))/((-2)/(-18)). Suppose -5*u = -j*u + 3. Let m(y) = -4*y**2 - y - 3. Let i(z) = -6*z**2 - z - 4. Let b(r) = -5*i(r) + 7*m(r). Give b(u).
3
Suppose 10 = -4*n + 3*x + 35, 2*n - 17 = -3*x. Let f(l) = -10*l + 61. What is f(n)?
-9
Let c(s) = -2*s**3 + 21*s**2 - 52*s + 15. Let p(h) = -1612*h + 4843. Let t be p(3). What is c(t)?
-6
Let r(i) be the first derivative of -7*i**4/4 + i**3 - 2*i**2 + 2*i + 108. Let q(z) = -12*z**3 + 7*z**2 - 7*z + 3. Let w(u) = 3*q(u) - 5*r(u). What is w(6)?
-7
Let f(j) = 3*j - 12. Let z(q) = q. Let n(p) = f(p) - 4*z(p). Suppose -17 + 27 = -v. Calculate n(v).
-2
Let j(l) = -l**3 - 5*l**2 - 3*l - 1. Let a be ((-3)/7)/(8 + (-275)/35). Give j(a).
-10
Let q(d) = 58229*d - 7*d**2 - 58247*d + d**3 + 4 - 4. Calculate q(9).
0
Let r(l) = -41*l + 20*l**2 - l**2 + 2*l**2 - 22*l**2 + 48*l - 4. Let y be (-10)/(-45) + (-34)/(-9). Let w be -1*(-6)/4*y. What is r(w)?
2
Suppose -3*u + 28 = -5*f, u = -6*f + 11*f + 16. Suppose 5*d = -5*a + 5, -7 = -a + 4*d - u. Let g(b) = b - 7*b - 2*b. Give g(a).
-8
Let w(a) = 2*a - 4. Let t = -28 - -34. Suppose t*i - i + 250 = 0. Let x be (i/(-16))/(-1) + 25/200. Give w(x).
-10
Let b(v) = 2*v**3 - 8*v**2 - 5*v - 2. Let d(r) = r**3 - 7*r**2 - 6*r - 4. Let p(l) = 2*b(l) - 3*d(l). Give p(-3).
2
Suppose 3*q = -w + 8, 3 = 4*w + 7. Let t(p) = 1 + p**q + p + 4*p**2 + 6 - 4 - 4. Suppose -c = 2*c + 9. Give t(c).
5
Let l(s) = 2 + 0*s**3 + 3*s**3 + s - 2*s. Let j(i) = -i**3 - 21*i**2 - 20*i + 28. Let t be j(-20). Let p be (-14)/4*t/(-49). What is l(p)?
24
Let q(s) = s**3 + 5*s**2 - 23*s - 87. Let w be 1/16 - (-25899)/(-4272). Determine q(w).
15
Let t(i) = -3*i**3 - 22*i**2 - 12*i + 9. Let h(q) = -q**3 - 6*q**2 - 2*q + 1. Let c(l) = -2*h(l) + t(l). What is c(-9)?
-2
Suppose 3*a - 23 = t, a + 3*t + 9 = -0*a. Let h(s) = 2*s + 2*s**2 + 6 + 0 + a*s - s**2. Let m(o) = 3*o**2 - 43*o + 133. Let x be m(5). Give h(x).
-1
Let r(z) = 2790*z - 1395*z - 100 - 1385*z. What is r(9)?
-10
Let i(u) be the first derivative of -1/4*u**4 - 4*u**2 + 8/3*u**3 + 9*u - 78. Suppose -4*g + 26 = 2*b, -2*g = 3*g - 15. Determine i(b).
2
Let k be 2 - (-4 + 1 - -36). Let c = 27 + k. Let a(n) be the second derivative of n**4/12 + 2*n**3/3 - 3*n**2/2 - 83*n. Determine a(c).
-3
Suppose -11*z + 912 = 13*z. Suppose -z*x - 6 = -41*x. Let b(i) = 13*i - 4. Calculate b(x).
22
Let p be 10 - 1 - 3 - 6. Let f(w) = -4*w - 6*w - w**2 + 3 + 5*w + p*w. Calculate f(-5).
3
Suppose -4*s - 14*t + 156 =